+ -11 + 8 - -4.
-1
Calculate 4 + ((5 - -2) + -13 - 0).
-2
What is the value of 10 + 5 + -7 + -9?
-1
What is -1 - (9 - (5 - -4))?
-1
What is the value of (2 + 0 - 0) + -1 + -2?
-1
Calculate 21 - 22 - (-1 + -1).
1
-2 - (1 + -2 - -3 - -1)
-5
Evaluate (5 - (2 + 1)) + -1.
1
What is the value of 1 + 6 + -5 + 2 - 0?
4
What is the value of -7 + -9 + (5 - -1) + 5?
-5
-2 + 3 + (-4 + 12 - 16)
-7
What is the value of -9 + 0 + 1 + 8 + -4?
-4
Calculate 5 + (-3 - 3) + (7 - 8).
-2
What is the value of 2 - (-1 + -2 + 1)?
4
-8 + 9 + 0 + 3
4
What is 12 + -16 - (1 - 2)?
-3
Evaluate -16 + 19 + -3 + 1.
1
What is the value of 0 + (4 - (-9 - -7))?
6
(-2 - (-1 + -1) - 5) + -2
-7
Evaluate 6 + (8 + -9 - 4).
1
Calculate -2 + -1 - (-18 + (2 - -4)).
9
5 - 1 - (-8 + -5 + 12)
5
What is the value of -3 + (2 + 1 - 1)?
-1
What is the value of (6 - (1 + -2 + 13)) + 11?
5
What is 6 - (1 - -1 - (-47 + 47))?
4
2 - 2 - ((-9 - -2) + 7)
0
Evaluate (11 - 9) + (3 + -4 - 2).
-1
What is the value of -8 + (-12 - (-21 + 10))?
-9
Calculate (1 + -2 - -3) + -4 + -3.
-5
(-2 - -1) + -2 - -1
-2
What is the value of 0 + 2 + -1 - (0 + 0)?
1
What is the value of 7 + 0 - (14 - 12)?
5
What is 12 + -14 + -8 + 11?
1
What is the value of -2 - (-1 + -3 - -9)?
-7
Calculate -40 + 38 - (1 - 1).
-2
(-2 - (-3 + 0)) + (-3 - 0)
-2
-2 + -11 + 0 + -38 + 41
-10
Calculate (-2 - 0) + -8 + (5 - -2).
-3
Calculate 17 + -3 + 0 + -12.
2
Calculate -6 + -7 + 5 + 8 + -3.
-3
Calculate (0 - 0) + -35 + 40.
5
Calculate (-4 + 0 - 0) + 1 - -1.
-2
-3 + -1 - -1 - (27 + -28)
-2
Evaluate 2 - (-1 - (1 - (8 + -5))).
1
Calculate 5 + 8 + -10 - (0 - 0).
3
Evaluate 5 + -5 + -3 + 5.
2
What is the value of (-2 - -5 - 2 - 0) + 3?
4
Calculate -8 - ((-4 - 8) + -5 + 2).
7
Calculate (-4 - -7) + -3 - 0.
0
What is -5 + 6 + -6 + 1?
-4
What is the value of 2 + (-8 + 13 - 10) - -2?
-1
Evaluate 4 + -7 + -3 - (-3 - -1).
-4
What is the value of 5 + 9 + 0 + -7 + 0?
7
What is the value of 86 - 91 - (0 + -1)?
-4
Calculate (-7 - -10) + -1 + -5.
-3
What is the value of (-4 - -2) + -6 + 2 + 2?
-4
Evaluate 2 + -9 + 5 - 2.
-4
Calculate 14 + -1 + 0 + (4 - 9).
8
What is -2 + (-4 + -4 - (-10 + 10))?
-10
Calculate (3 - 7) + 14 - (7 - 4).
7
3 - (14 + (-1 - 3))
-7
8 + (-6 - -8) - (8 + -2)
4
Calculate 11 + -15 + (0 - 3).
-7
What is (2 - 3 - -4) + (0 - 5)?
-2
What is the value of 1 - ((5 - 4) + (-2 - -4))?
-2
What is 2 + (-1 - (0 + (4 - -2)))?
-5
(-1 - -6 - 18) + 7
-6
What is -2 + (-1 - (2 - 6)) - -2?
3
Evaluate (0 + 5 + 4 - 0) + -5.
4
What is -3 + 1 + (-1 - (-1 + -6))?
4
14 + -3 + -12 - -5
4
What is -8 - (-4 - ((1 - -2) + -3))?
-4
What is the value of 10 - (10 + -9 + 2)?
7
What is 2 + (6 - (1 - -4))?
3
What is the value of (-2 - 1) + 1 + (-4 - -5)?
-1
Calculate -2 - (3 - (-1 - -3)) - -6.
3
What is the value of -2 + (-8 - (-12 + 9))?
-7
What is the value of -5 - (-5 + 0 - -6 - 1)?
-5
Calculate 9 + (-1 - -1 - (1 + 2)).
6
Evaluate (-1 - 6) + 7 + (9 - 2).
7
What is the value of 0 - ((4 - 1) + -2 - 6)?
5
Evaluate (-9 - -9 - 2) + -6.
-8
Calculate 0 + -1 - 3 - (18 + -20).
-2
Evaluate 5 + -6 + 1 + 6.
6
Evaluate 5 + (5 - 12) - (1 - 7).
4
Calculate 4 - 2 - ((0 - -4) + -3).
1
Calculate -6 + 6 + -1 + 5.
4
Calculate -10 - -14 - 1 - 1.
2
Evaluate 9 - (-5 - 0) - (5 - -1).
8
What is -3 + -3 - -7 - 1?
0
6 + -1 + (0 - 1 - 1)
3
What is -6 + (2 + (-4 - -2) - -1)?
-5
Evaluate (-51 - -44) + 7 + -1.
-1
Evaluate 9 - (0 - (-3 + -1)).
5
Calculate -4 + (-2 + 4 - (0 - -2)).
-4
Evaluate 3 + -1 - ((-9 - -17) + -8).
2
What is 21 + -13 + -3 - (2 - 1)?
4
Calculate 32 - (32 + -8) - (18 - 1).
-9
What is the value of -4 + (-1 - (2 - 8)) + 4?
5
Calculate (3 - 0) + (14 - 3) + -15.
-1
What is (-9 - -6) + -1 + 0?
-4
Calculate -12 + -5 + 8 + 8.
-1
What is the value of 5 - ((7 - (6 - 15)) + -6)?
-5
1 - (-3 + (2 - 2) - -1)
3
10 - 7 - (2 - -1)
0
-1 - -8 - (10 - 5)
2
Evaluate (1 - -1) + (14 - (-14 - -33)).
-3
What is the value of -1 + (8 - (-5 - -14) - 4)?
-6
What is the value of 18 + -14 - (-8 + 8)?
4
0 - -3 - (38 - 39)
4
Calculate -38 + 49 + (-12 - 0).
-1
What is the value of 3 + -3 - (-1 - -9)?
-8
Calculate 10 + (-26 - -13) + 11.
8
What is -5 - (-11 + (8 - 3))?
1
Calculate (-1 - -1) + (-6 - -3) - -3.
0
What is the value of -1 + -7 + -1 + 11 + -10?
-8
Evaluate -1 - (3 - (-6 + 13)).
3
Calculate 3 - (-1 - -2 - (-7 + 1)).
-4
What is 6 - ((0 - (2 + 5)) + 6)?
7
What is the value of (-3 - -1) + (23 - 25) + 1?
-3
Evaluate (-3 - -1) + 0 + (-86 - -83).
-5
Calculate (-5 - 5) + -3 + 10.
-3
Calculate -7 + 11 - (-1 + 5).
0
-28 - -17 - -6 - (-8 + -1)
4
Evaluate -11 + (1 - (-6 - -1)).
-5
What is the value of -14 - 2 - -7 - (-3 + 0)?
-6
What is the value of (20 - 0) + (-68 - -55)?
7
Evaluate 9 - (-4 - (10 + -16)).
7
Calculate 15 + -12 + 2 + 0.
5
Calculate -3 + (4 - (3 + (3 - 5))).
0
(3 - 2) + 3 - (-7 + 9)
2
Calculate 0 + -2 + 6 + -3.
1
(1 - 2) + 4 + -6 + 6
3
Evaluate -47 + 44 + (0 - -1).
-2
-6 - (0 + -3) - (6 + -5)
-4
Calculate -2 - 4 - (1 - 10).
3
Calculate (-8 - (-6 - -2)) + -2 + 3.
-3
What is (-15 - -7 - 3) + (-1 - -8)?
-4
What is the value of (87 - 82) + (-9 - 0)?
-4
Calculate 1 + (-2 - 0) + (1 - -3).
3
-20 + 23 + (0 - 5)
-2
What is (1 - 9) + -1 + 3 + 3?
-3
Calculate 12 - (18 + 5 + -15).
4
Evaluate (6 - 1) + 5 + -4.
6
Calculate (-12 + 0 - -19) + 1.
8
What is the value of (4 - 2) + (-10 - -2) + 5?
-1
-11 + (0 - -12 - 3)
-2
Evaluate -12 + 0 + 5 - 6 - -8.
-5
(2 + -1 - 4) + (9 - 2)
4
What is 2 + 7 + 21 + -27?
3
3 - (-3 + 3 + 3)
0
Evaluate 0 - (2 + (-2 + 2 - -3)).
-5
Calculate 3 + -9 + 13 + -3.
4
Calculate 2 + (0 - 0) - 3.
-1
What is 1 - (6 + 11 + -20)?
4
-2 + 8 - (30 + -21)
-3
What is the value of 1 + 0 + 3 - (1 + 0)?
3
17 + (-6 + -4 - -5) + -5
7
Calculate -1 + -6 + 4 - -5.
2
Evaluate (8 - 4) + (-2 + -1 - 1).
0
Calculate 3 + 0 - (-16 - -13).
6
Calculate (2 - (-3 + 3)) + 3 + -1.
4
Evaluate -3 + (7 - 4 - (1 + -1)).
0
What is the value of 6 + -2 + 4 + -13 + 1?
-4
What is the value of 15 + -18 + 21 + -10?
8
-9 + (3 - 0 - -10)
4
What is the value of -11 + 12 + (7 - 10)?
-2
Evaluate 8 + 2 - 12 - 5.
-7
-1 + (-1 - (-5 + 3) - -1)
1
What is the value of -6 + 11 + (1 - 1) + -3?
2
Evaluate -7 + 0 + -56 + 57.
-6
What is 0 - 2 - (6 - 3 - 1)?
-4
What is (8 - (18 - 2) - -14) + 4?
10
Evaluate -7 + (5 - 9 - -10).
-1
Calculate 0 - (-12 + 5 + -7 + 8).
6
What is -8 + -7 + 15 - 6?
-6
What is the value of -2 + 0 - (-3 + 6)?
-5
Calculate -4 + 1 + 0 + 3.
0
Evaluate -4 + 4 + 11 - (1 - -5).
5
(7 - -11 - 9) + -6
3
What is 1 + 3 + (27 - 27)?
4
6 - (-1 + 13 - (3 + 1))
-2
Evaluate (1 - 0) + -16 + 9 + 3.
-3
(2 - -1 - 1) + -6
-4
What is the value of 0 + 0 + 2 + -3 + 1?
0
What is the value of -7 + (0 - (-1 - 1))?
-5
Evaluate -4 + -5 + 40 + -28.
3
Evaluate -2 - (-2 + 7 - 4).
-3
Calculate -3 - (6 - 1 - (33 + -30)).
-5
Calculate (-5 - -7) + (-3 - -1) + -2.
-2
1 + -5 + 6 - (2 + -1)
1
What is -7 + (12 + -6 - 5) + 4?
-2
Calculate (4 - 1) + -6 + -1 + 10.
6
Calculate 25 + -29 - (0 + -3).
-1
-2 - (13 - (5 - 0)) - -5
-5
Evaluate -12 + 9 - (1 + -1).
-3
(3 - -7) + -4 - 9
-3
-4 - ((-4 - -8) + 5 + -5)
-8
Calculate 1 + 2 - 3 - 2.
-2
Evaluate (-1 - 1) + -1 + (2 - 0).
-1
What is (9 - 17 - -26) + -9 + 2?
11
8 - (0 + -1 - (-6 - -3))
6
Calculate 8 + 10 + -4 + -4 + -8.
2
Calculate 4 - 1 - (1 + -4 + 1).
5
What is the value of 5 + (6 - 2) + -10?
-1
-4 - (0 + -2) - -5
3
What is 14 + 6 + -26 - -9?
3
What is -4 - ((-4 - -3) + -1) - -1?
-1
Evaluate -18 + 13 + -1 + 7 + -1.
0
0 + -5 - (-7 - 0 - -12)
-10
Evaluate 0 + 0 + (33 - 41).
-8
What is -5 + (1 + 0 - 0)?
-4
-4 + (5 - (8 + (5 - 10)))
-2
What is 4 - (2 + 1 - (-13 + 15))?
3
What is the value of 0 + -3 + 7 + -1?
3
Evaluate 0 - -13 - (6 + -1).
8
What is 2 + 1 + -8 + 1 + 1?
-3
What is the value of -5 + -1 + 3 + 1 - -5?
3
2 - 3 - (-6 + 1 + 11)
-7
What is (3 - -9 - -2) + -6?
8
Calculate 2 - (-1 - -3 - -2 - 1).
-1
Evaluate (2 - (2 + -12)) + -3.
9
Calculate 5 + (-7 - (-7 + 4)).
1
Calculate 7 - ((4 - 3) + 0 - -2).
4
Evaluate -1 + 0 + (-2 - 5) + 4.
-4
What is the value of 1 - ((8 - -2) + -6)?
-3
Evaluate 17 + (-12 - (-12 - -9)).
8
Calculate (-7 - -9) + -7 - (-8 - 2).
5
What is -7 - (0 + -6) - -5?
4
Calculate 6 + (-3 - -2) - 0.
5
Calculate 10 + -7 - (-3 - (1 - 2)).
5
Calculate (7 - 16 - -5) + 4.
0
What is -4 + 5 + -4 + 3 + -1?
-1
What is 4 + -17 - -5 - -8?
0
What is the value of -16 + 10 + 5 + 6?
5
(2 - (-1 + 0)) + 49 + -52
0
-3 - (5 + -5 + (